{"id":757,"date":"2018-08-30T16:28:06","date_gmt":"2018-08-30T19:28:06","guid":{"rendered":"https:\/\/ispestrada-cha.infd.edu.ar\/sitio\/cipe\/"},"modified":"2022-06-15T14:53:23","modified_gmt":"2022-06-15T17:53:23","slug":"consejo-directivo","status":"publish","type":"page","link":"https:\/\/ispestrada-cha.infd.edu.ar\/sitio\/consejo-directivo\/","title":{"rendered":"Consejo Directivo"},"content":{"rendered":"<h1 style=\"text-align: center;\"><em><span style=\"color: #ff00ff;\"><strong>Consejo Directivo 2021<\/strong><\/span><\/em><\/h1>\n<p>Los siguientes puntos que fueron tratados y resuelto en el Consejo Directivo:<\/p>\n<ol>\n<li>Debido a la baja en sus horas la Prof. LOZINA Cristina a la Secretaria del Consejo Directivo, se determin\u00f3 que la nueva Secretaria sea la Prof. HABERKON Noelia y como Pro Secretaria la alumna GONZALEZ Natalia.<\/li>\n<li>El medio de comunicaci\u00f3n OFICIAL es la P\u00e1gina del Instituto, el Campus o Aula Virtual, Correo Electr\u00f3nico de la Instituci\u00f3n<br \/>\n<h4><span style=\"color: #0000ff;\">(ies.jme.tresisletas@gmail.com)<\/span><\/h4>\n<\/li>\n<li>Respectar los horarios de los cronogramas (Mesas Examinadoras &#8211; Horarios de Clases).-<\/li>\n<li>Las mesas examinadoras y las clases se dan en el formato virtual, y pueden coincidir, es el alumno quien debe optar. Por orden de prelaci\u00f3n la Mesa Examinadora es lo m\u00e1s importante.<\/li>\n<li>Se determin\u00f3 la carga bimestral, por ende los docentes deber\u00e1n planificar con una fecha tentativa de producciones.<\/li>\n<li>1\u00ba Cuatrimestre del 07 de Junio al 21 de Septiembre. Y el 2\u00ba del 22 de Septiembre al 17 de Diciembre del 2021.-<\/li>\n<li>El Consejo Directivo, llama a inscripci\u00f3n a alumnos y profesores a cubrir las Vacantes de CONSEJEROS de los siguientes profesorados:<\/li>\n<\/ol>\n<ul>\n<li><span style=\"color: #ff0000;\">ALUMNOS TRES ISLETAS:<\/span><\/li>\n<li>Representante para el Profesorado en Educaci\u00f3n Secundaria en Geograf\u00eda &#8211; Titular y Suplente.-<\/li>\n<li>Representante para el Profesorado en Educaci\u00f3n Secundaria en Biolog\u00eda &#8211;\u00a0 Suplente.-<\/li>\n<li>Representante para el Profesorado en Educaci\u00f3n Secundaria en Lengua y Literatura &#8211; Titular y Suplente.-<\/li>\n<li><span style=\"color: #ff0000;\">ALUMNOS UES EL PALMAR<\/span><\/li>\n<li>Representante para el Profesorado en Educaci\u00f3n Secundaria en MATEMATICAS &#8211; Titular y Suplente.-<\/li>\n<li>Representante para el Profesorado en Educaci\u00f3n Secundaria en AGRONOMIA &#8211; Titular y Suplente.-<\/li>\n<\/ul>\n<ol>\n<li>Solicitud de Equivalencia, se habilita desde el 14 al 30 de Junio de 2021. Se anexa protocolo de procedimiento..<\/li>\n<\/ol>\n<p><em>ANEXOS:<\/em><\/p>\n<ul>\n<li><a href=\"https:\/\/ispestrada-cha.infd.edu.ar\/sitio\/wp-content\/uploads\/2021\/06\/Protocolo-Presencial-Virtual-2021.pdf\">Protocolo Presencial-Virtual 2021<\/a><\/li>\n<li><a href=\"https:\/\/ispestrada-cha.infd.edu.ar\/sitio\/wp-content\/uploads\/2021\/05\/Declaraci\u00f3n-Jurada-Alumnos-IES-JMEstrada.pdf\">Declaraci\u00f3n Jurada &#8211; Alumnos IES JMEstrada<\/a><\/li>\n<li><a href=\"https:\/\/ispestrada-cha.infd.edu.ar\/sitio\/wp-content\/uploads\/2021\/06\/Procedimiento-para-Otorgar-equivalencias-IES-DEFINITIVO.pdf\">Procedimiento para Otorgar equivalencias IES &#8211; DEFINITIVO<\/a><\/li>\n<li><a href=\"https:\/\/ispestrada-cha.infd.edu.ar\/sitio\/wp-content\/uploads\/2021\/06\/SOLICITUD_DE_EQUIV.2021.pdf\">SOLICITUD_DE_EQUIV.2021<\/a><\/li>\n<li><a href=\"https:\/\/ispestrada-cha.infd.edu.ar\/sitio\/wp-content\/uploads\/2021\/06\/Modificatoria-de-1082.pdf\">Modificatoria de 1082<\/a><\/li>\n<\/ul>\n<h4><strong><em>DICTAMENES 2021:<\/em><\/strong><\/h4>\n<ul>\n<li>\n<h5><a href=\"https:\/\/ispestrada-cha.infd.edu.ar\/sitio\/wp-content\/uploads\/2021\/09\/Acta-N\u00b0-4-Consejo-Directivo-1.pdf\">Acta N\u00b0 4 &#8211; Consejo Directivo<\/a><\/h5>\n<\/li>\n<li>\n<h5><a href=\"https:\/\/ispestrada-cha.infd.edu.ar\/sitio\/wp-content\/uploads\/2021\/09\/Acta-No-5-Consejo-Directivo-1.pdf\">Acta N\u00ba 5 &#8211; Consejo Directivo<\/a><\/h5>\n<\/li>\n<li>\n<h5><a href=\"https:\/\/ispestrada-cha.infd.edu.ar\/sitio\/wp-content\/uploads\/2021\/09\/Acta-No-6-Consejo-Directivo.pdf\">Acta N\u00ba 6 &#8211; Consejo Directivo<\/a><\/h5>\n<\/li>\n<\/ul>\n\n\n<figure class=\"wp-block-image size-large is-resized\"><img decoding=\"async\" loading=\"lazy\" src=\"https:\/\/ispestrada-cha.infd.edu.ar\/sitio\/wp-content\/uploads\/2022\/06\/WhatsApp-Image-2022-06-15-at-10.29.04-AM.jpeg\" alt=\"\" class=\"wp-image-1087\" width=\"1020\" height=\"459\" srcset=\"https:\/\/ispestrada-cha.infd.edu.ar\/sitio\/wp-content\/uploads\/2022\/06\/WhatsApp-Image-2022-06-15-at-10.29.04-AM.jpeg 1280w, https:\/\/ispestrada-cha.infd.edu.ar\/sitio\/wp-content\/uploads\/2022\/06\/WhatsApp-Image-2022-06-15-at-10.29.04-AM-1000x450.jpeg 1000w, https:\/\/ispestrada-cha.infd.edu.ar\/sitio\/wp-content\/uploads\/2022\/06\/WhatsApp-Image-2022-06-15-at-10.29.04-AM-768x346.jpeg 768w\" sizes=\"(max-width: 1020px) 100vw, 1020px\" \/><figcaption><strong>CONSEJO DIRECTIVO 2022<\/strong><\/figcaption><\/figure>\n\n\n\n<p><\/p>\n","protected":false},"excerpt":{"rendered":"<p>Consejo Directivo 2021 Los siguientes puntos que fueron tratados y resuelto en el Consejo Directivo: Debido a la baja en sus horas la Prof. LOZINA Cristina a la Secretaria del Consejo Directivo, se determin\u00f3 que la nueva Secretaria sea la Prof. HABERKON Noelia y como Pro Secretaria la alumna GONZALEZ Natalia. El medio de comunicaci\u00f3n &#8230; <a title=\"Consejo Directivo\" class=\"read-more\" href=\"https:\/\/ispestrada-cha.infd.edu.ar\/sitio\/consejo-directivo\/\" aria-label=\"More on Consejo Directivo\">[+]<\/a><\/p>\n","protected":false},"author":78,"featured_media":0,"parent":0,"menu_order":0,"comment_status":"closed","ping_status":"closed","template":"","meta":[],"acf":[],"_links":{"self":[{"href":"https:\/\/ispestrada-cha.infd.edu.ar\/sitio\/wp-json\/wp\/v2\/pages\/757"}],"collection":[{"href":"https:\/\/ispestrada-cha.infd.edu.ar\/sitio\/wp-json\/wp\/v2\/pages"}],"about":[{"href":"https:\/\/ispestrada-cha.infd.edu.ar\/sitio\/wp-json\/wp\/v2\/types\/page"}],"author":[{"embeddable":true,"href":"https:\/\/ispestrada-cha.infd.edu.ar\/sitio\/wp-json\/wp\/v2\/users\/78"}],"replies":[{"embeddable":true,"href":"https:\/\/ispestrada-cha.infd.edu.ar\/sitio\/wp-json\/wp\/v2\/comments?post=757"}],"version-history":[{"count":33,"href":"https:\/\/ispestrada-cha.infd.edu.ar\/sitio\/wp-json\/wp\/v2\/pages\/757\/revisions"}],"predecessor-version":[{"id":1088,"href":"https:\/\/ispestrada-cha.infd.edu.ar\/sitio\/wp-json\/wp\/v2\/pages\/757\/revisions\/1088"}],"wp:attachment":[{"href":"https:\/\/ispestrada-cha.infd.edu.ar\/sitio\/wp-json\/wp\/v2\/media?parent=757"}],"curies":[{"name":"wp","href":"https:\/\/api.w.org\/{rel}","templated":true}]}}