{"id":746,"date":"2018-08-30T16:28:02","date_gmt":"2018-08-30T19:28:02","guid":{"rendered":"https:\/\/ispestrada-cha.infd.edu.ar\/sitio\/informacion-para-alumnos\/"},"modified":"2022-12-22T10:00:19","modified_gmt":"2022-12-22T13:00:19","slug":"informacion-para-alumnos","status":"publish","type":"page","link":"https:\/\/ispestrada-cha.infd.edu.ar\/sitio\/informacion-para-alumnos\/","title":{"rendered":"Informaci\u00f3n para alumnos"},"content":{"rendered":"\n<p class=\"has-text-align-center\"><strong>CARRERAS E INSCRIPCIONES 2023<\/strong><\/p>\n\n\n\n<p>Se solicita escanear el C\u00f3digo QR de la Carrera que desean inscribirse, se abrir\u00e1 un link con todos los requisitos que requiere  la carrera.-<\/p>\n\n\n\n<p>Se solicita CARPETA COMPLETA para la inscripci\u00f3n.-<\/p>\n\n\n\n<p>Los estudios m\u00e9dicos deben estar firmado por el M\u00e9dico de la Especialidad.-<\/p>\n\n\n\n<figure class=\"wp-block-image size-large\"><img decoding=\"async\" loading=\"lazy\" width=\"605\" height=\"463\" src=\"https:\/\/ispestrada-cha.infd.edu.ar\/sitio\/wp-content\/uploads\/2022\/12\/BIOLOGIA-2.jpg\" alt=\"\" class=\"wp-image-1128\"\/><\/figure>\n\n\n\n<figure class=\"wp-block-image size-large\"><img decoding=\"async\" loading=\"lazy\" width=\"586\" height=\"435\" src=\"https:\/\/ispestrada-cha.infd.edu.ar\/sitio\/wp-content\/uploads\/2022\/12\/DANZAS-2.jpg\" alt=\"\" class=\"wp-image-1130\"\/><\/figure>\n\n\n\n<figure class=\"wp-block-image size-large\"><img decoding=\"async\" loading=\"lazy\" width=\"514\" height=\"475\" src=\"https:\/\/ispestrada-cha.infd.edu.ar\/sitio\/wp-content\/uploads\/2022\/12\/EDUCACION_FISICA-1.jpg\" alt=\"\" class=\"wp-image-1133\"\/><\/figure>\n\n\n\n<figure class=\"wp-block-image size-large\"><img decoding=\"async\" loading=\"lazy\" width=\"519\" height=\"442\" src=\"https:\/\/ispestrada-cha.infd.edu.ar\/sitio\/wp-content\/uploads\/2022\/12\/ESPECIAL-1.jpg\" alt=\"\" class=\"wp-image-1135\"\/><\/figure>\n\n\n\n<figure class=\"wp-block-image size-large\"><img decoding=\"async\" loading=\"lazy\" width=\"580\" height=\"445\" src=\"https:\/\/ispestrada-cha.infd.edu.ar\/sitio\/wp-content\/uploads\/2022\/12\/LENGUA-1.jpg\" alt=\"\" class=\"wp-image-1137\"\/><\/figure>\n\n\n\n<figure class=\"wp-block-image size-large\"><img decoding=\"async\" loading=\"lazy\" width=\"584\" height=\"465\" src=\"https:\/\/ispestrada-cha.infd.edu.ar\/sitio\/wp-content\/uploads\/2022\/12\/MATEMATICAS-1.jpg\" alt=\"\" class=\"wp-image-1139\"\/><\/figure>\n\n\n\n<figure class=\"wp-block-image size-large\"><img decoding=\"async\" loading=\"lazy\" width=\"571\" height=\"419\" src=\"https:\/\/ispestrada-cha.infd.edu.ar\/sitio\/wp-content\/uploads\/2022\/12\/SOFTWARE-1.jpg\" alt=\"\" class=\"wp-image-1141\"\/><\/figure>\n\n\n\n<div class=\"wp-block-file\"><a href=\"https:\/\/ispestrada-cha.infd.edu.ar\/sitio\/wp-content\/uploads\/2022\/12\/CARRERAS-2023-1.pdf\">CARRERAS-2023-1<\/a><a href=\"https:\/\/ispestrada-cha.infd.edu.ar\/sitio\/wp-content\/uploads\/2022\/12\/CARRERAS-2023-1.pdf\" class=\"wp-block-file__button\" download>Descarga<\/a><\/div>\n\n\n<h1 style=\"text-align: center;\"><span style=\"text-decoration: underline; color: #ff0000;\">Inscripciones a Mesas Examinadoras Turno Diciembre 2020&nbsp;<\/span><\/h1>\n<p><!--more--><\/p>\n<h3>Se desarrollar\u00e1n del 10 de Mayo al 31 Mayo del 2021.-<\/h3>\n<h3>Se encuentra habilitado el Sistema de Autogesti\u00f3n Estudiantil, desde el 05 de Mayo al 19 de Mayo de 2021, para la Inscripci\u00f3n a las Mesas Examinadoras Turno Diciembre 2020, de la Sede Tres Isletas&nbsp; y&nbsp; la UES El Palmar..<\/h3>\n<h3>Enlace<a href=\"http:\/\/jmestrada.insup.com.ar\/\">&nbsp;http:\/\/jmestrada.insup.com.ar\/<\/a><\/h3>\n<h3>Calendario de Mesas con sus tribunales se cargar\u00e1n una vez que el Consejo Directivo lo apruebe.-<\/h3>\n<p><\/p>\n<h1 style=\"text-align: center;\"><span style=\"text-decoration: underline; color: #ff0000;\">Inscripciones a Mesas Examinadoras Turno MARZO 2022<\/span><\/h1>\n<p><\/p>\n\n\n<h3 class=\"wp-block-heading\">Mesas Examinadoras MARZO 2022, inician el 21 de Marzo<\/h3>\n\n\n\n<h3 class=\"wp-block-heading\">A partir de la 0:00 hs del 17 de Marzo se habilitar\u00e1 el Sistema de Autogesti\u00f3n Estudiantil, para la Inscripci\u00f3n a las Mesas Examinadoras Turno Marzo 2022, de la Sede Tres Isletas&nbsp; y&nbsp; la UES El Palmar.. Si surge alg\u00fan inconveniente de inscripci\u00f3n por sistema (error, conectividad, u otros), le solicitamos a los alumnos concurrir a la Instituci\u00f3n para solucionar el inconveniente con sus BEDELES correspondientes. Siempre y cuando se encuentren dentro de los plazos establecidos..<\/h3>\n\n\n\n<p><\/p>\n\n\n\n<h3 class=\"wp-block-heading\">Enlace<a href=\"http:\/\/jmestrada.insup.com.ar\/\">&nbsp;http:\/\/jmestrada.insup.com.ar\/<\/a><\/h3>\n\n\n\n<p><strong>CRONOGRAMA<\/strong>:<\/p>\n\n\n\n<div class=\"wp-block-file\"><a href=\"https:\/\/ispestrada-cha.infd.edu.ar\/sitio\/wp-content\/uploads\/2022\/03\/1o-ano-CRONOGRAMA-EXAMENES-Turno-Marzo-2022.pdf\">1o-ano-CRONOGRAMA-EXAMENES-Turno-Marzo-2022<\/a><a href=\"https:\/\/ispestrada-cha.infd.edu.ar\/sitio\/wp-content\/uploads\/2022\/03\/1o-ano-CRONOGRAMA-EXAMENES-Turno-Marzo-2022.pdf\" class=\"wp-block-file__button\" download>Descarga<\/a><\/div>\n\n\n\n<div class=\"wp-block-file\"><a href=\"https:\/\/ispestrada-cha.infd.edu.ar\/sitio\/wp-content\/uploads\/2022\/03\/2o-ano-CRONOGRAMA-EXAMENES-Turno-Marzo-2022.pdf\">2o-ano-CRONOGRAMA-EXAMENES-Turno-Marzo-2022<\/a><a href=\"https:\/\/ispestrada-cha.infd.edu.ar\/sitio\/wp-content\/uploads\/2022\/03\/2o-ano-CRONOGRAMA-EXAMENES-Turno-Marzo-2022.pdf\" class=\"wp-block-file__button\" download>Descarga<\/a><\/div>\n\n\n\n<div class=\"wp-block-file\"><a href=\"https:\/\/ispestrada-cha.infd.edu.ar\/sitio\/wp-content\/uploads\/2022\/03\/3o-ano-CRONOGRAMA-EXAMENES-Turno-Marzo-2022.pdf\">3o-ano-CRONOGRAMA-EXAMENES-Turno-Marzo-2022<\/a><a href=\"https:\/\/ispestrada-cha.infd.edu.ar\/sitio\/wp-content\/uploads\/2022\/03\/3o-ano-CRONOGRAMA-EXAMENES-Turno-Marzo-2022.pdf\" class=\"wp-block-file__button\" download>Descarga<\/a><\/div>\n\n\n\n<div class=\"wp-block-file\"><a href=\"https:\/\/ispestrada-cha.infd.edu.ar\/sitio\/wp-content\/uploads\/2022\/03\/4o-ano-CRONOGRAMA-EXAMENES-Turno-Marzo-2022.docx.pdf\">4o-ano-CRONOGRAMA-EXAMENES-Turno-Marzo-2022.docx<\/a><a href=\"https:\/\/ispestrada-cha.infd.edu.ar\/sitio\/wp-content\/uploads\/2022\/03\/4o-ano-CRONOGRAMA-EXAMENES-Turno-Marzo-2022.docx.pdf\" class=\"wp-block-file__button\" download>Descarga<\/a><\/div>\n\n\n\n<p><\/p>\n","protected":false},"excerpt":{"rendered":"<p>CARRERAS E INSCRIPCIONES 2023 Se solicita escanear el C\u00f3digo QR de la Carrera que desean inscribirse, se abrir\u00e1 un link con todos los requisitos que requiere la carrera.- Se solicita CARPETA COMPLETA para la inscripci\u00f3n.- Los estudios m\u00e9dicos deben estar firmado por el M\u00e9dico de la Especialidad.- Inscripciones a Mesas Examinadoras Turno Diciembre 2020&nbsp;<\/p>\n","protected":false},"author":78,"featured_media":0,"parent":0,"menu_order":0,"comment_status":"closed","ping_status":"closed","template":"","meta":[],"acf":[],"_links":{"self":[{"href":"https:\/\/ispestrada-cha.infd.edu.ar\/sitio\/wp-json\/wp\/v2\/pages\/746"}],"collection":[{"href":"https:\/\/ispestrada-cha.infd.edu.ar\/sitio\/wp-json\/wp\/v2\/pages"}],"about":[{"href":"https:\/\/ispestrada-cha.infd.edu.ar\/sitio\/wp-json\/wp\/v2\/types\/page"}],"author":[{"embeddable":true,"href":"https:\/\/ispestrada-cha.infd.edu.ar\/sitio\/wp-json\/wp\/v2\/users\/78"}],"replies":[{"embeddable":true,"href":"https:\/\/ispestrada-cha.infd.edu.ar\/sitio\/wp-json\/wp\/v2\/comments?post=746"}],"version-history":[{"count":22,"href":"https:\/\/ispestrada-cha.infd.edu.ar\/sitio\/wp-json\/wp\/v2\/pages\/746\/revisions"}],"predecessor-version":[{"id":1179,"href":"https:\/\/ispestrada-cha.infd.edu.ar\/sitio\/wp-json\/wp\/v2\/pages\/746\/revisions\/1179"}],"wp:attachment":[{"href":"https:\/\/ispestrada-cha.infd.edu.ar\/sitio\/wp-json\/wp\/v2\/media?parent=746"}],"curies":[{"name":"wp","href":"https:\/\/api.w.org\/{rel}","templated":true}]}}